en l(-18) is divided by 33.
9
Suppose 2*c + 0 = 34. Let z(w) = w**3 - 21*w**2 - 52*w - 20. Let f be z(24). Suppose f = 7*b - 9. Calculate the remainder when b is divided by c.
16
Let t(k) = k - 2. Let z be t(2). Calculate the remainder when 89 - (z + (12 - 6)) is divided by 34.
15
Let r = -672 + 1032. Let o = r - 311. Calculate the remainder when o is divided by 17.
15
Suppose -137*g - 141*g = -262*g - 3296. What is the remainder when 745 is divided by g?
127
Suppose 0 = -50*j + 47*j - 2160. What is the remainder when (6/15)/(((-56)/j)/7) is divided by 20?
16
Let l be 60876/60 - (-8)/20. What is the remainder when ((-14)/10)/((-7)/l) is divided by 5?
3
Let y(b) = -39*b + 5. Let p be y(2). Let t = -59 - p. Calculate the remainder when 10 is divided by -2 - ((-174)/14 + 6/t).
0
Suppose -w + 10 = -2*c, -5 = -4*w - 2*c - 15. Suppose w = 2*v + 8, o + o = -2*v - 4. Calculate the remainder when (9/15)/(1/15) is divided by o.
1
What is the remainder when 44/(-726) + -5*(-2001)/99 is divided by 2/7 + (-351)/(-21)?
16
Let n be 105/(-77) - -5 - 32/(-88). Suppose 0 = -5*y - 5*k + 295, 2*k + 2*k + 16 = 0. Let l = y - n. Calculate the remainder when l is divided by 20.
19
Let j = 2267 - 2230. What is the remainder when 391 is divided by j?
21
Let d = 15 - -6. Let z = -126 - -227. What is the remainder when z/(-4*1/(-28)*7) is divided by d?
17
Let h = 19 + -2. Suppose -2*q - 4 = -5*x, -3*x + 2*x + 11 = 3*q. What is the remainder when -4 - -1 - ((1 - 39) + q) is divided by h?
15
Let w = 515 + -431. Calculate the remainder when w is divided by (64 + -2)/((-4)/4 - -3).
22
Calculate the remainder when 937 is divided by (-659)/(-7) + 54/(-378).
91
Let i be (-3)/2*104/(-39). Calculate the remainder when 159 is divided by ((-148)/(3 - i))/2.
11
Suppose -v - 3*z + 25 - 8 = 0, 3*z = -5*v + 133. What is the remainder when 33 is divided by v?
4
Let y(w) = -w**3 + 15*w**2 - 3*w + 29. Let b be y(15). What is the remainder when 35 is divided by b/14*231/(-66)?
3
Let a(f) = -f**3 + 5*f**2 - 5*f + 1. Let o(v) = -24*v - 25. Suppose -3*u = u + 12, -2*u - 15 = 3*n. What is the remainder when o(n) is divided by a(3)?
3
Suppose 23*a - 20*a = -1926. Let p = -788 + 794. Calculate the remainder when (-1)/(a/213 - -3) is divided by p.
5
Let s(o) = 0 + 0*o**2 + 2 - 11 + 3*o + 12*o**2 + 7*o. Calculate the remainder when 25 is divided by s(1).
12
Suppose 18 = -2*s + 11*s. Suppose -42*v + 46*v + 96 = s*b, 2*b = 5*v + 97. What is the remainder when 90 is divided by b?
44
Suppose 1 = 444*z - 445*z, 310 = b - 5*z. Calculate the remainder when b is divided by 70.
25
Let m be (-1 + 5 - -6)*1 + -2. Suppose 3*d = y - m, 12*y - d - 16 = 10*y. What is the remainder when 270 is divided by y?
6
Let p(v) = -2*v**2 + 101*v - 693. Calculate the remainder when 680 is divided by p(41).
78
Let k be (16/(-28))/(20/70). What is the remainder when 39 is divided by 2/(-2)*k*(-4 - -17)?
13
Let m = -34097 + 34472. Let c(z) = z**3 + 6*z**2 - 3*z - 5. What is the remainder when m is divided by c(-6)?
11
Let w = 261 - 123. Suppose -115 = -2*h - 59. Calculate the remainder when w is divided by h.
26
Suppose 48*m - 16*m = 22*m + 950. Calculate the remainder when 184 is divided by m.
89
Let s be ((-56)/12)/((-8)/(-12)). Let v(w) = 5*w + 22. Let o be v(s). Let z = 18 + o. Calculate the remainder when 16 is divided by z.
1
Let g = 4120 + -1937. What is the remainder when g is divided by 91?
90
Suppose 0 = 8*j - 23*j + 67*j - 4940. What is the remainder when 200 is divided by j?
10
Calculate the remainder when (-1)/(10/(6 - 2396)) is divided by 27.
23
Let v(i) = i**2 + 22*i + 117. What is the remainder when v(-34) is divided by 24?
21
Let s be (-4)/(-2) + 2 + -29. What is the remainder when (-3185)/s - (-3)/5 is divided by ((-2)/(-3) + -1)/(4/(-516))?
42
Let b = 13 + -10. Let m(l) = l**3 - 3*l**2 - 2*l + 2. Let i be m(b). Calculate the remainder when 6 is divided by (-6)/i - 2*(-2)/8.
0
Suppose 3*t + x - 1117 = 0, x + 382 + 1112 = 4*t. What is the remainder when 1124 is divided by t?
5
Suppose 37*a = 40*a + 252. Let t = a - -670. Calculate the remainder when t is divided by 84.
82
Let m = 1 + -1. Let y = 6 + m. Let g(i) = 387*i + 2338. What is the remainder when g(-6) is divided by y?
4
Let t(y) = -16*y + 4. Let p(j) = j**3 + 12*j**2 - 93*j - 54. What is the remainder when p(-16) is divided by t(-3)?
46
Let t(v) = -2*v**3 - 17*v**2 - 63*v - 30. What is the remainder when t(-8) is divided by 112?
74
Suppose -3*i + 94 = c, 245*c + 72 = 2*i + 248*c. Let k = -97 - 71. Let x = k + 257. What is the remainder when x is divided by i?
29
Let v = -37 + 41. Suppose -4*g + v*s + 228 = 0, 6*g = 2*g + s + 213. Let h = g + -36. Calculate the remainder when 29 is divided by h.
13
Suppose l = -5*p - 2*l - 24, 4*l + 10 = -3*p. Let i = p + 7. Let k(r) = 12*r**3. What is the remainder when 22 is divided by k(i)?
10
Suppose -106*u = -184*u + 8658. What is the remainder when 4661 is divided by u?
110
Let w = -82 - -98. Suppose -w*o + 174 = -2. Calculate the remainder when 150 is divided by o.
7
Suppose 0 = -15*z + 4*z - 2024. Let m = -161 - z. What is the remainder when 159 is divided by m?
21
Let a be 1292/(-170)*(21 - 1). Let i = a - -165. What is the remainder when 57 is divided by i?
5
Suppose 4*y + 15 = -11*y. What is the remainder when 298 is divided by (y - (4 - -3)) + 68?
58
Let a be -5 + -4 + 17 + -3*1. Let s(q) = q**2 - 2*q - 27. Let m be s(a). Let l = 48 - m. What is the remainder when l is divided by 16?
12
Suppose 0 = 8*z - 14*z. Suppose -4*x = -z*x - 1280. Suppose -n - 4*n - 4*s + 317 = 0, -x = -5*n - 5*s. Calculate the remainder when n is divided by 32.
29
Suppose -3*s + 17 = -x, -10*s - 2*x - 14 = -11*s. Suppose s*o + 207 = 335. What is the remainder when 157 is divided by o?
29
Suppose 5*j = 2*s - 712, 281*j - 279*j = s - 360. Calculate the remainder when 1547 is divided by s.
43
Suppose -4*n + 4*b - 5778 = -33614, 5*b + 6935 = n. Calculate the remainder when n is divided by 162.
161
Let q = 11092 - 10974. What is the remainder when 1285 is divided by q?
105
What is the remainder when ((1470/56)/(-15) - -1)/((-3)/6404) is divided by 9?
8
Let r = -126 + 211. Suppose 4*w = v + 8, -32 = -v - 2*w - 16. Calculate the remainder when r is divided by v.
5
Let i = 4675 + -4637. Calculate the remainder when 399 is divided by i.
19
Let b be (-845)/(-260) - (-6)/(-8)*-1. Suppose -b*r + 5 + 131 = 0. Suppose 3*p - 45 = 3*t - 6, -t + 59 = 3*p. What is the remainder when r is divided by p?
16
Suppose 5*k = 177 + 73. Suppose -18*a - 3224 = -19388. Calculate the remainder when a is divided by k.
48
What is the remainder when 5325 is divided by 18 - (-47)/(1269/567)?
21
Suppose -31*s - 374 = -1614. What is the remainder when s is divided by 12?
4
Let m(o) = 9*o + 12. Let j be (-27)/(-6) + -2 - 238/(-68). Calculate the remainder when m(j) is divided by 10.
6
Let a = -88 - -103. Let z(s) = s**2 - 25*s + 30. Let h be z(a). Let m = -53 - h. What is the remainder when m is divided by 10?
7
What is the remainder when (-92)/(-4) - (-11 - 1719) is divided by 196?
185
Suppose 3*s + 15 = 0, -35*o + 31*o + 2*s + 390 = 0. Calculate the remainder when 105 is divided by o.
10
Suppose t - 165 = -163 + 870. Calculate the remainder when 1755 is divided by t.
11
Suppose 2*y = 6*y - 44. Let f(x) = -12*x + x**3 + 25 - 37 - 1 + 7*x**2. Calculate the remainder when f(-8) is divided by y.
8
Let l(w) = 3*w**2 - 65*w + 127. Calculate the remainder when 26808 is divided by l(2).
6
Suppose 3*u - s - 1975 = 0, u - 34*s + 31*s - 645 = 0. Calculate the remainder when u is divided by 39.
36
Let w be (-124)/(-16) + 12/48. Suppose z + w*z = 1332. What is the remainder when z is divided by 30?
28
Let z(b) = -b**3 - 39*b**2 + 11*b + 517. What is the remainder when z(-39) is divided by 15?
13
Let z = 844 - 391. Let v = -1172 + 1207. What is the remainder when z is divided by v?
33
Suppose -6*h = -2*h - 556. Suppose -9*y = -70 + 7. Suppose 62 - 391 = -y*w. Calculate the remainder when h is divided by w.
45
Suppose 4*d - 5*w - 582 = -0*w, d - 5*w = 138. Let n be 1/7 + (-320)/(-14) + -17. What is the remainder when d is divided by (-4 + n)/(30/375)?
23
Suppose 69*i = 73*i - 200. Let o(p) = p**2 + 8*p - 11. What is the remainder when i is divided by o(-10)?
5
Let s = -23244 +